 of 30055252.
2, 17, 29, 15241
List the prime factors of 7772761.
7772761
List the prime factors of 1251724822.
2, 79, 7922309
What are the prime factors of 120008013?
3, 139, 287789
List the prime factors of 96954033.
3, 11, 24281
What are the prime factors of 86361924?
2, 3, 11, 654257
What are the prime factors of 2042575220?
2, 5, 7, 83, 175781
What are the prime factors of 461787257?
461787257
List the prime factors of 215292729.
3, 61, 1176463
List the prime factors of 506128487.
506128487
List the prime factors of 36953509.
83, 431, 1033
What are the prime factors of 4977903461?
19, 31, 8451449
List the prime factors of 9327463.
521, 17903
What are the prime factors of 371515533?
3, 123838511
What are the prime factors of 47293562?
2, 47, 503123
List the prime factors of 158334569.
101, 439, 3571
What are the prime factors of 558173845?
5, 111634769
List the prime factors of 73003408.
2, 47, 193, 503
What are the prime factors of 20476384?
2, 41, 15607
What are the prime factors of 6466372?
2, 11, 281, 523
List the prime factors of 49813999.
49813999
What are the prime factors of 1397322630?
2, 3, 5, 11, 107, 4397
List the prime factors of 82916282.
2, 41458141
List the prime factors of 282056989.
282056989
What are the prime factors of 49758616?
2, 6219827
List the prime factors of 66492153.
3, 7, 13, 19, 4273
List the prime factors of 99494330.
2, 5, 13, 67, 11423
List the prime factors of 1134291838.
2, 567145919
What are the prime factors of 1421448209?
1421448209
What are the prime factors of 4372308294?
2, 3, 7699, 94651
What are the prime factors of 3017114341?
3017114341
List the prime factors of 107934188.
2, 31, 870437
List the prime factors of 18976938.
2, 3, 149, 21227
List the prime factors of 452968011.
3, 16776593
List the prime factors of 1652671251.
3, 7, 11, 1193, 1999
List the prime factors of 55775401.
11, 1103, 4597
What are the prime factors of 1936665817?
1936665817
List the prime factors of 53441000.
2, 5, 53441
What are the prime factors of 53011099?
181, 292879
List the prime factors of 1898736663.
3, 131, 4831391
What are the prime factors of 131883680?
2, 5, 83, 9931
What are the prime factors of 533267821?
53, 2671, 3767
What are the prime factors of 1251318028?
2, 1999, 156493
List the prime factors of 107646643.
13, 8280511
List the prime factors of 1939292483.
1663, 1166141
What are the prime factors of 28977103?
4889, 5927
What are the prime factors of 47469565?
5, 11, 13, 5107
List the prime factors of 933316948.
2, 41, 5690957
List the prime factors of 48522676.
2, 139, 197, 443
What are the prime factors of 4344734273?
11, 394975843
What are the prime factors of 361828630?
2, 5, 293, 123491
List the prime factors of 423505668.
2, 3, 19, 1857481
What are the prime factors of 709043964?
2, 3, 53, 1114849
List the prime factors of 79905808.
2, 67, 131, 569
What are the prime factors of 6876505599?
3, 23297, 98389
What are the prime factors of 843260630?
2, 5, 8317, 10139
What are the prime factors of 2460449?
983, 2503
List the prime factors of 136202544.
2, 3, 945851
What are the prime factors of 301259230?
2, 5, 30125923
What are the prime factors of 90284945?
5, 18056989
List the prime factors of 4826738160.
2, 3, 5, 82763
List the prime factors of 452745512.
2, 56593189
What are the prime factors of 51431083?
11, 349, 13397
List the prime factors of 11695302.
2, 3, 649739
List the prime factors of 40999665.
3, 5, 7, 17, 103, 223
List the prime factors of 727701998.
2, 31, 11737129
What are the prime factors of 510328379?
11, 61, 760549
What are the prime factors of 45042020?
2, 5, 1471, 1531
List the prime factors of 152768873.
19, 8040467
What are the prime factors of 7368200?
2, 5, 7, 19, 277
List the prime factors of 22527781.
541, 41641
What are the prime factors of 3461864434?
2, 7, 71, 3482761
What are the prime factors of 209867437?
13, 599, 26951
What are the prime factors of 69556113?
3, 11, 702587
List the prime factors of 119944283.
19, 97, 151, 431
List the prime factors of 6077392690.
2, 5, 41, 14822909
What are the prime factors of 6479323012?
2, 211, 7676923
What are the prime factors of 1776463132?
2, 444115783
What are the prime factors of 456372355?
5, 601, 151871
List the prime factors of 1413227328.
2, 3, 379, 19421
List the prime factors of 31269847.
7, 37, 157, 769
What are the prime factors of 29554622?
2, 61, 157, 1543
What are the prime factors of 1090129883?
19, 3571, 16067
List the prime factors of 103340322.
2, 3, 1213, 4733
List the prime factors of 1578079347.
3, 13, 223, 421, 431
What are the prime factors of 416178687?
3, 138726229
List the prime factors of 6062468.
2, 1515617
What are the prime factors of 644748209?
7, 47, 1959721
What are the prime factors of 1731470716?
2, 3511, 123289
List the prime factors of 164738481.
3, 54912827
List the prime factors of 228843107.
397, 576431
What are the prime factors of 83624958?
2, 3, 37, 307, 409
What are the prime factors of 3695865639?
3, 1231955213
List the prime factors of 723020444.
2, 3061, 59051
What are the prime factors of 16373034?
2, 3, 909613
List the prime factors of 668514921.
3, 61, 107, 34141
What are the prime factors of 66438202?
2, 337, 98573
What are the prime factors of 4819712?
2, 67, 281
List the prime factors of 68791296.
2, 3, 7, 457
List the prime factors of 1963598065.
5, 11, 13, 101, 27191
What are the prime factors of 218231640?
2, 3, 5, 11, 55109
List the prime factors of 743880379.
11, 457, 147977
List the prime factors of 700631995.
5, 7, 181, 110597
What are the prime factors of 133558810?
2, 5, 7, 11, 71, 349
What are the prime factors of 100216570?
2, 5, 2273, 4409
What are the prime factors of 6857967663?
3, 1061, 718187
What are the prime factors of 57280352?
2, 467, 3833
What are the prime factors of 52857735?
3, 5, 7, 503407
List the prime factors of 1087398600.
2, 3, 5, 23, 78797
What are the prime factors of 356652615?
3, 5, 11, 229, 9439
What are the prime factors of 1137031400?
2, 5, 17, 334421
List the prime factors of 6054960345.
3, 5, 7, 61, 945349
What are the prime factors of 4741604?
2, 7, 169343
List the prime factors of 76965752.
2, 53, 181523
What are the prime factors of 323902174?
2, 9043, 17909
What are the prime factors of 73648737?
3, 23, 233, 509
List the prime factors of 3914204554.
2, 13, 19, 7923491
List the prime factors of 1748359898.
2, 19, 46009471
What are the prime factors of 1201345226?
2, 600672613
What are the prime factors of 337943517?
3, 137, 439, 1873
List the prime factors of 66730254.
2, 3, 11121709
List the prime factors of 4731796275.
3, 5, 53, 67, 109, 163
What are the prime factors of 123015903?
3, 41005301
What are the prime factors of 3809471205?
3, 5, 253964747
What are the prime factors of 190986793?
3613, 52861
List the prime factors of 3113826.
2, 3, 31, 16741
List the prime factors of 22491923.
22491923
List the prime factors of 37343519.
59, 632941
List the prime factors of 3653617491.
3, 405957499
List the prime factors of 71574357.
3, 101, 236219
What are the prime factors of 5719636?
2, 13, 8461
List the prime factors of 28486845.
3, 5, 29, 83, 263
List the prime factors of 4449114676.
2, 17, 2857, 22901
List the prime factors of 2871129226.
2, 7, 29297237
List the prime factors of 8537975640.
2, 3, 5, 53, 149161
What are the prime factors of 8489966?
2, 4244983
What are the prime factors of 124085207?
23, 293, 18413
What are the prime factors of 776531987?
7, 11, 37, 272563
List the prime factors of 42788846.
2, 2437, 8779
List the prime factors of 175310662.
2, 37, 2369063
List the prime factors of 13040081.
13040081
What are the prime factors of 343426929?
3, 71, 1612333
List the prime factors of 14755077.
3, 19, 86287
What are the prime factors of 361239371?
361239371
What are the prime factors of 492650551?
492650551
What are the prime factors of 249383128?
2, 47, 61, 83, 131
List the prime factors of 331273780.
2, 5, 241, 68729
List the prime factors of 479470997.
83, 5776759
What are the prime factors of 42879283?
42879283
What are the prime factors of 358274656?
2, 73, 153371
What are the prime factors of 4264841968?
2, 197, 1353059
What are the prime factors of 23012853?
3, 37, 151, 1373
What are the prime factors of 40